{"id":931,"date":"2014-01-02T16:37:36","date_gmt":"2014-01-02T15:37:36","guid":{"rendered":"http:\/\/www.parrocchianissoria.it\/wp\/?page_id=931"},"modified":"2015-02-09T09:31:34","modified_gmt":"2015-02-09T08:31:34","slug":"gruppo-liturgico","status":"publish","type":"page","link":"https:\/\/www.parrocchianissoria.it\/index.php\/pastorale\/gruppo-liturgico\/","title":{"rendered":"Gruppo Liturgico"},"content":{"rendered":"<p><img data-attachment-id=\"932\" data-permalink=\"https:\/\/www.parrocchianissoria.it\/index.php\/pastorale\/gruppo-liturgico\/p010_0_00_01\/\" data-orig-file=\"https:\/\/i0.wp.com\/www.parrocchianissoria.it\/wp\/wp-content\/uploads\/2014\/01\/p010_0_00_01.jpg?fit=363%2C227&amp;ssl=1\" data-orig-size=\"363,227\" data-comments-opened=\"1\" data-image-meta=\"{&quot;aperture&quot;:&quot;0&quot;,&quot;credit&quot;:&quot;&quot;,&quot;camera&quot;:&quot;&quot;,&quot;caption&quot;:&quot;&quot;,&quot;created_timestamp&quot;:&quot;0&quot;,&quot;copyright&quot;:&quot;&quot;,&quot;focal_length&quot;:&quot;0&quot;,&quot;iso&quot;:&quot;0&quot;,&quot;shutter_speed&quot;:&quot;0&quot;,&quot;title&quot;:&quot;&quot;}\" data-image-title=\"p010_0_00_01\" data-image-description=\"\" data-image-caption=\"\" data-medium-file=\"https:\/\/i0.wp.com\/www.parrocchianissoria.it\/wp\/wp-content\/uploads\/2014\/01\/p010_0_00_01.jpg?fit=300%2C187&amp;ssl=1\" data-large-file=\"https:\/\/i0.wp.com\/www.parrocchianissoria.it\/wp\/wp-content\/uploads\/2014\/01\/p010_0_00_01.jpg?fit=363%2C227&amp;ssl=1\" decoding=\"async\" loading=\"lazy\" class=\"alignleft size-medium wp-image-932\" src=\"https:\/\/i0.wp.com\/www.parrocchianissoria.it\/wp\/wp-content\/uploads\/2014\/01\/p010_0_00_01.jpg?resize=300%2C187\" alt=\"p010_0_00_01\" width=\"300\" height=\"187\" srcset=\"https:\/\/i0.wp.com\/www.parrocchianissoria.it\/wp\/wp-content\/uploads\/2014\/01\/p010_0_00_01.jpg?resize=300%2C187&amp;ssl=1 300w, https:\/\/i0.wp.com\/www.parrocchianissoria.it\/wp\/wp-content\/uploads\/2014\/01\/p010_0_00_01.jpg?w=363&amp;ssl=1 363w\" sizes=\"(max-width: 300px) 100vw, 300px\" data-recalc-dims=\"1\" \/>Si pensa che ogni famiglia ponga una grande cura ai momenti importanti quali il compleanno di un figlio, il\u00a0pranzo del Natale e l\u2019ospitalit\u00e0 di una persona cara\u2026cos\u00ec deve accadere per la Parrocchia. Il momento pi\u00f9 importante della vita di una comunit\u00e0 \u00e8 sicuramente la Messa domenicale, che deve ricevere una cura particolarissima per ogni suo aspetto.<br \/>\n\u00c8 per questo che ti invitiamo a partecipare al Gruppo liturgico ogni <strong>venerd\u00ec<\/strong>\u00a0<strong>alle ore 18.45<\/strong>\u00a0per l\u2019approfondimento della Parola di Dio, indispensabile per preparare la liturgia domenicale.<br \/>\nOgni celebrazione nasce in obbedienza e trova il suo fondamento nel comando di Ges\u00f9 \u201cfate questo in memoria di me\u201d.\u00a0L\u2019agire culturale \u00e8 celebrazione rituale e memoriale dell\u2019agire salvifico di Cristo\u201d.<\/p>\n<p>Ogni celebrazione\u00a0perch\u00e9 mantenga il suo carattere \u201cstorico\u201d, momento della storia della salvezza partecipata all&#8217;uomo d\u2019oggi, richiede che le sacre realt\u00e0 non siano estranee alla vita e alla comprensione della persona e dell\u2019assemblea convocata:\u00a0la chiarezza e la comprensione dei segni, la partecipazione attiva dei fedeli ai riti e ai testi, sono condizioni fondamentali \u00abperch\u00e9 i fedeli non siano muti spettatori, ma partecipino all&#8217;azione sacra consapevolmente, pienamente e attivamente\u00bb.<\/p>\n<p>Ti aspettiamo<br \/>\nIl Gruppo Liturgico<\/p>\n","protected":false},"excerpt":{"rendered":"<p>Si pensa che ogni famiglia ponga una grande cura ai momenti importanti quali il compleanno di un figlio, il\u00a0pranzo del Natale e l\u2019ospitalit\u00e0 di una persona cara\u2026cos\u00ec deve accadere per&hellip;<\/p>\n","protected":false},"author":1,"featured_media":0,"parent":27,"menu_order":0,"comment_status":"open","ping_status":"open","template":"page-templates\/full-width.php","meta":{"jetpack_post_was_ever_published":false},"jetpack_sharing_enabled":true,"jetpack_shortlink":"https:\/\/wp.me\/P5aHFt-f1","jetpack-related-posts":[{"id":186,"url":"https:\/\/www.parrocchianissoria.it\/index.php\/tradizioni\/natale\/","url_meta":{"origin":931,"position":0},"title":"Natale","author":"admin","date":"30 Dicembre 2013","format":false,"excerpt":"Natale 2005 Natale 2006 Natale 2007 Natale 2008 Natale 2011 Nella tradizione cristiana, il Natale celebra la nascita di Ges\u00f9 a Betlemme da Maria. Il racconto ci \u00e8 pervenuto attraverso i vangeli secondo Luca e Matteo, che narrano l'annuncio dell'angelo Gabriele, la deposizione nella mangiatoia, l'adorazione dei pastori, la visita\u2026","rel":"","context":"Articolo simile","block_context":{"text":"Articolo simile","link":""},"img":{"alt_text":"Sacra2","src":"https:\/\/i0.wp.com\/www.parrocchianissoria.it\/wp\/wp-content\/uploads\/2013\/12\/Sacra2-1024x512.jpg?resize=350%2C200","width":350,"height":200},"classes":[]},{"id":873,"url":"https:\/\/www.parrocchianissoria.it\/index.php\/pastorale\/corso-prematrimoniale\/","url_meta":{"origin":931,"position":1},"title":"Corso Prematrimoniale","author":"admin","date":"2 Gennaio 2014","format":false,"excerpt":"2006 2007 2008 2009 \u00a0 \u00a0 \u00a0 \u00a0 \u00a0 Il matrimonio religioso comporta la frequenza di uno specifico corso prematrimoniale il quale prepara ad affrontare la vita coniugale. Il suddetto corso facendo riferimento ai principi cristiani aiuta i futuri sposi ad esaminare i principali aspetti, le problematiche e le esigenze\u2026","rel":"","context":"Articolo simile","block_context":{"text":"Articolo simile","link":""},"img":{"alt_text":"","src":"https:\/\/i0.wp.com\/www.parrocchianissoria.it\/wp\/wp-content\/uploads\/2014\/01\/250px-Lo_sposalizio_della_Vergine.png?resize=350%2C200","width":350,"height":200},"classes":[]},{"id":740,"url":"https:\/\/www.parrocchianissoria.it\/index.php\/san-francesco\/","url_meta":{"origin":931,"position":2},"title":"San Francesco","author":"admin","date":"2 Gennaio 2014","format":false,"excerpt":"San Francesco 2005 Musa - Maggio 2005 San Francesco 2006 San Francesco 2007 San Francesco 2008 \u00a0 \u00a0 BIOGRAFIA Francesco nacque il 27 marzo 1416 a Paola (Cosenza) da Giacomo Martolilla e Vienna da Fuscaldo. Gi\u00e0 in et\u00e0 avanzata, i genitori attribuirono la nascita del loro primogenito all'intercessione di S.\u2026","rel":"","context":"Articolo simile","block_context":{"text":"Articolo simile","link":""},"img":{"alt_text":"","src":"","width":0,"height":0},"classes":[]},{"id":2,"url":"https:\/\/www.parrocchianissoria.it\/index.php\/storia\/","url_meta":{"origin":931,"position":3},"title":"Storia","author":"admin","date":"7 Ottobre 2013","format":false,"excerpt":"La prima Chiesa, a servizio della popolazione di Nissoria, sorse in contrada Torre dove, all'epoca della dominazione bizantina, \u00e8 documentata l'esistenza di un agglomerato urbano che ospitava gente di probabile origine greca. La Chiesa consisteva in un semplice oratorio costituito da una cappella a croce commissa con orientamento nord sud.\u2026","rel":"","context":"Articolo simile","block_context":{"text":"Articolo simile","link":""},"img":{"alt_text":"1","src":"https:\/\/i0.wp.com\/www.parrocchianissoria.it\/wp\/wp-content\/uploads\/2013\/12\/1.jpg?resize=350%2C200","width":350,"height":200},"classes":[]},{"id":865,"url":"https:\/\/www.parrocchianissoria.it\/index.php\/madonna-del-rosario\/","url_meta":{"origin":931,"position":4},"title":"Madonna del Rosario","author":"admin","date":"2 Gennaio 2014","format":false,"excerpt":"O Vergine Immacolata e Regina del Santo Rosario, tu, in questi tempi di morta fede e di empiet\u00e0 trionfante, hai voluto piantare il tuo seggio di Regina e di Madre sull'antica terra di Pompei, soggiorno di morti pagani. Da quel luogo dov'erano adorati gl'idoli e i demoni, tu oggi, come\u2026","rel":"","context":"Articolo simile","block_context":{"text":"Articolo simile","link":""},"img":{"alt_text":"","src":"https:\/\/i0.wp.com\/www.parrocchianissoria.it\/wp\/wp-content\/uploads\/2014\/01\/madonna.jpg?resize=350%2C200","width":350,"height":200},"classes":[]},{"id":1432,"url":"https:\/\/www.parrocchianissoria.it\/index.php\/collabora-con-noi\/","url_meta":{"origin":931,"position":5},"title":"Collabora con noi","author":"admin","date":"14 Gennaio 2014","format":false,"excerpt":"Questo sito vuole essere contenitore delle attivit\u00e0 della parrocchia San Giuseppe Nissoria. Chi meglio dei parrocchiani possono contribuire a renderlo ricco di contenuti, quali foto, articoli, commenti. Se hai del materiale invialo a informazioni@parrocchianissoria.it Grazie!","rel":"","context":"Articolo simile","block_context":{"text":"Articolo simile","link":""},"img":{"alt_text":"","src":"","width":0,"height":0},"classes":[]}],"jetpack_likes_enabled":true,"_links":{"self":[{"href":"https:\/\/www.parrocchianissoria.it\/index.php\/wp-json\/wp\/v2\/pages\/931"}],"collection":[{"href":"https:\/\/www.parrocchianissoria.it\/index.php\/wp-json\/wp\/v2\/pages"}],"about":[{"href":"https:\/\/www.parrocchianissoria.it\/index.php\/wp-json\/wp\/v2\/types\/page"}],"author":[{"embeddable":true,"href":"https:\/\/www.parrocchianissoria.it\/index.php\/wp-json\/wp\/v2\/users\/1"}],"replies":[{"embeddable":true,"href":"https:\/\/www.parrocchianissoria.it\/index.php\/wp-json\/wp\/v2\/comments?post=931"}],"version-history":[{"count":15,"href":"https:\/\/www.parrocchianissoria.it\/index.php\/wp-json\/wp\/v2\/pages\/931\/revisions"}],"predecessor-version":[{"id":1748,"href":"https:\/\/www.parrocchianissoria.it\/index.php\/wp-json\/wp\/v2\/pages\/931\/revisions\/1748"}],"up":[{"embeddable":true,"href":"https:\/\/www.parrocchianissoria.it\/index.php\/wp-json\/wp\/v2\/pages\/27"}],"wp:attachment":[{"href":"https:\/\/www.parrocchianissoria.it\/index.php\/wp-json\/wp\/v2\/media?parent=931"}],"curies":[{"name":"wp","href":"https:\/\/api.w.org\/{rel}","templated":true}]}}

<p><img data-attachment-id="932" data-permalink="https://www.parrocchianissoria.it/index.php/pastorale/gruppo-liturgico/p010_0_00_01/" data-orig-file="https://i0.wp.com/www.parrocchianissoria.it/wp/wp-content/uploads/2014/01/p010_0_00_01.jpg?fit=363%2C227&amp;ssl=1" data-orig-size="363,227" data-comments-opened="1" data-image-meta="{&quot;aperture&quot;:&quot;0&quot;,&quot;credit&quot;:&quot;&quot;,&quot;camera&quot;:&quot;&quot;,&quot;caption&quot;:&quot;&quot;,&quot;created_timestamp&quot;:&quot;0&quot;,&quot;copyright&quot;:&quot;&quot;,&quot;focal_length&quot;:&quot;0&quot;,&quot;iso&quot;:&quot;0&quot;,&quot;shutter_speed&quot;:&quot;0&quot;,&quot;title&quot;:&quot;&quot;}" data-image-title="p010_0_00_01" data-image-description="" data-image-caption="" data-medium-file="https://i0.wp.com/www.parrocchianissoria.it/wp/wp-content/uploads/2014/01/p010_0_00_01.jpg?fit=300%2C187&amp;ssl=1" data-large-file="https://i0.wp.com/www.parrocchianissoria.it/wp/wp-content/uploads/2014/01/p010_0_00_01.jpg?fit=363%2C227&amp;ssl=1" decoding="async" loading="lazy" class="alignleft size-medium wp-image-932" src="https://i0.wp.com/www.parrocchianissoria.it/wp/wp-content/uploads/2014/01/p010_0_00_01.jpg?resize=300%2C187" alt="p010_0_00_01" width="300" height="187" srcset="https://i0.wp.com/www.parrocchianissoria.it/wp/wp-content/uploads/2014/01/p010_0_00_01.jpg?resize=300%2C187&amp;ssl=1 300w, https://i0.wp.com/www.parrocchianissoria.it/wp/wp-content/uploads/2014/01/p010_0_00_01.jpg?w=363&amp;ssl=1 363w" sizes="(max-width: 300px) 100vw, 300px" data-recalc-dims="1" />Si pensa che ogni famiglia ponga una grande cura ai momenti importanti quali il compleanno di un figlio, il pranzo del Natale e l’ospitalità di una persona cara…così deve accadere per la Parrocchia. Il momento più importante della vita di una comunità è sicuramente la Messa domenicale, che deve ricevere una cura particolarissima per ogni suo aspetto.<br />
È per questo che ti invitiamo a partecipare al Gruppo liturgico ogni <strong>venerdì</strong> <strong>alle ore 18.45</strong> per l’approfondimento della Parola di Dio, indispensabile per preparare la liturgia domenicale.<br />
Ogni celebrazione nasce in obbedienza e trova il suo fondamento nel comando di Gesù “fate questo in memoria di me”. L’agire culturale è celebrazione rituale e memoriale dell’agire salvifico di Cristo”.</p>
<p>Ogni celebrazione perché mantenga il suo carattere “storico”, momento della storia della salvezza partecipata all&#8217;uomo d’oggi, richiede che le sacre realtà non siano estranee alla vita e alla comprensione della persona e dell’assemblea convocata: la chiarezza e la comprensione dei segni, la partecipazione attiva dei fedeli ai riti e ai testi, sono condizioni fondamentali «perché i fedeli non siano muti spettatori, ma partecipino all&#8217;azione sacra consapevolmente, pienamente e attivamente».</p>
<p>Ti aspettiamo<br />
Il Gruppo Liturgico</p>

<p>Si pensa che ogni famiglia ponga una grande cura ai momenti importanti quali il compleanno di un figlio, il pranzo del Natale e l’ospitalità di una persona cara…così deve accadere per&hellip;</p>

Natale 2005 Natale 2006 Natale 2007 Natale 2008 Natale 2011 Nella tradizione cristiana, il Natale celebra la nascita di Gesù a Betlemme da Maria. Il racconto ci è pervenuto attraverso i vangeli secondo Luca e Matteo, che narrano l'annuncio dell'angelo Gabriele, la deposizione nella mangiatoia, l'adorazione dei pastori, la visita…

San Francesco 2005 Musa - Maggio 2005 San Francesco 2006 San Francesco 2007 San Francesco 2008     BIOGRAFIA Francesco nacque il 27 marzo 1416 a Paola (Cosenza) da Giacomo Martolilla e Vienna da Fuscaldo. Già in età avanzata, i genitori attribuirono la nascita del loro primogenito all'intercessione di S.…

La prima Chiesa, a servizio della popolazione di Nissoria, sorse in contrada Torre dove, all'epoca della dominazione bizantina, è documentata l'esistenza di un agglomerato urbano che ospitava gente di probabile origine greca. La Chiesa consisteva in un semplice oratorio costituito da una cappella a croce commissa con orientamento nord sud.…

O Vergine Immacolata e Regina del Santo Rosario, tu, in questi tempi di morta fede e di empietà trionfante, hai voluto piantare il tuo seggio di Regina e di Madre sull'antica terra di Pompei, soggiorno di morti pagani. Da quel luogo dov'erano adorati gl'idoli e i demoni, tu oggi, come…

Questo sito vuole essere contenitore delle attività della parrocchia San Giuseppe Nissoria. Chi meglio dei parrocchiani possono contribuire a renderlo ricco di contenuti, quali foto, articoli, commenti. Se hai del materiale invialo a informazioni@parrocchianissoria.it Grazie!
