{"id":873,"date":"2014-01-02T16:04:38","date_gmt":"2014-01-02T15:04:38","guid":{"rendered":"http:\/\/www.parrocchianissoria.it\/wp\/?page_id=873"},"modified":"2014-01-02T16:36:15","modified_gmt":"2014-01-02T15:36:15","slug":"corso-prematrimoniale","status":"publish","type":"page","link":"https:\/\/www.parrocchianissoria.it\/index.php\/pastorale\/corso-prematrimoniale\/","title":{"rendered":"Corso Prematrimoniale"},"content":{"rendered":"<p><a href=\"https:\/\/i0.wp.com\/www.parrocchianissoria.it\/wp\/wp-content\/uploads\/2014\/01\/250px-Lo_sposalizio_della_Vergine.png\"><img data-attachment-id=\"909\" data-permalink=\"https:\/\/www.parrocchianissoria.it\/index.php\/pastorale\/corso-prematrimoniale\/250px-lo_sposalizio_della_vergine\/\" data-orig-file=\"https:\/\/i0.wp.com\/www.parrocchianissoria.it\/wp\/wp-content\/uploads\/2014\/01\/250px-Lo_sposalizio_della_Vergine.png?fit=250%2C377&amp;ssl=1\" data-orig-size=\"250,377\" data-comments-opened=\"1\" data-image-meta=\"{&quot;aperture&quot;:&quot;0&quot;,&quot;credit&quot;:&quot;&quot;,&quot;camera&quot;:&quot;&quot;,&quot;caption&quot;:&quot;&quot;,&quot;created_timestamp&quot;:&quot;0&quot;,&quot;copyright&quot;:&quot;&quot;,&quot;focal_length&quot;:&quot;0&quot;,&quot;iso&quot;:&quot;0&quot;,&quot;shutter_speed&quot;:&quot;0&quot;,&quot;title&quot;:&quot;&quot;}\" data-image-title=\"250px-Lo_sposalizio_della_Vergine\" data-image-description=\"\" data-image-caption=\"\" data-medium-file=\"https:\/\/i0.wp.com\/www.parrocchianissoria.it\/wp\/wp-content\/uploads\/2014\/01\/250px-Lo_sposalizio_della_Vergine.png?fit=198%2C300&amp;ssl=1\" data-large-file=\"https:\/\/i0.wp.com\/www.parrocchianissoria.it\/wp\/wp-content\/uploads\/2014\/01\/250px-Lo_sposalizio_della_Vergine.png?fit=250%2C377&amp;ssl=1\" decoding=\"async\" loading=\"lazy\" class=\"size-full wp-image-909 alignleft\" alt=\"250px-Lo_sposalizio_della_Vergine\" src=\"https:\/\/i0.wp.com\/www.parrocchianissoria.it\/wp\/wp-content\/uploads\/2014\/01\/250px-Lo_sposalizio_della_Vergine.png?resize=250%2C377\" width=\"250\" height=\"377\" srcset=\"https:\/\/i0.wp.com\/www.parrocchianissoria.it\/wp\/wp-content\/uploads\/2014\/01\/250px-Lo_sposalizio_della_Vergine.png?w=250&amp;ssl=1 250w, https:\/\/i0.wp.com\/www.parrocchianissoria.it\/wp\/wp-content\/uploads\/2014\/01\/250px-Lo_sposalizio_della_Vergine.png?resize=198%2C300&amp;ssl=1 198w\" sizes=\"(max-width: 250px) 100vw, 250px\" data-recalc-dims=\"1\" \/><\/a><a title=\"Corso Matrimoniale 2006\" href=\"http:\/\/www.parrocchianissoria.it\/wp\/?page_id=928\" target=\"_blank\">2006<\/a><\/p>\n<p><a title=\"Corso Matrimoniale 2007\" href=\"http:\/\/www.parrocchianissoria.it\/wp\/?page_id=918\" target=\"_blank\">2007<\/a><\/p>\n<p><a title=\"Corso Matrimoniale 2008\" href=\"http:\/\/www.parrocchianissoria.it\/wp\/?page_id=917\" target=\"_blank\">2008<\/a><\/p>\n<p><a title=\"Corso Matrimoniale 2009\" href=\"http:\/\/www.parrocchianissoria.it\/wp\/?page_id=919\" target=\"_blank\">2009<\/a><\/p>\n<p>&nbsp;<\/p>\n<p>&nbsp;<\/p>\n<p>&nbsp;<\/p>\n<p>&nbsp;<\/p>\n<p>&nbsp;<\/p>\n<p>Il matrimonio religioso comporta la frequenza di uno specifico corso prematrimoniale il quale prepara ad affrontare la vita coniugale.<br \/>\nIl suddetto corso facendo riferimento ai principi cristiani aiuta i futuri sposi ad esaminare i principali aspetti, le problematiche e le esigenze che la coppia si ritrover\u00e0 ad affrontare sin dal giorno del matrimonio. L&#8217;amore fa si che l&#8217;uomo si realizzi attraverso il dono sincero di s\u00e9: amare significa dare e ricevere quanto non si pu\u00f2 ne comprare ne vendere, ma solo liberamente elargire: Il dono della persona esige per sua natura di essere duraturo e irrevocabile.<\/p>\n<p>L&#8217;indissolubilit\u00e0 del matrimonio scaturisce primariamente dall&#8217;essenza di tale dono: dono della persona alla persona. E in tal senso:l&#8217;unit\u00e0,la fedelt\u00e0 e la fecondit\u00e0 sono doni, non sono pesi di cui si fa carico chi si sposa. Solo se si riesce a vivere e a capire questo il matrimonio potr\u00e0 essere vissuto in tutta la sua bellezza e nello stesso tempo si scoprir\u00e0 come questo progetto di Dio \u00e8 davvero quello che pi\u00f9 di ogni altro realizza l&#8217;uomo e le sue aspirazioni pi\u00f9 profonde.<\/p>\n<p>Se voglio amare l&#8217;altro, devo stimarlo,accettarlo come \u00e8, e non esigere che sia pi\u00f9 di quello che \u00e8 o che sia diverso, pi\u00f9 adatto ai propri gusti ed alle proprie aspettative. Ma \u00e8 cosa saggia imparare a conoscere giorno dopo giorno la persona che si ha accanto. Apprezzare anche i difetti, le qualit\u00e0 profonde, i suoi doni e i suoi talenti, la nobilt\u00e0 dell&#8217;anima.<\/p>\n<p>Gli incontri convenuti per le coppie di Nissoria, hanno il fine di far capire ai partecipanti che quando preparano il loro progetto di matrimonio, anche se non coinvolgono tanto Dio, devono accorgersi, riflettendo, che Dio \u00e8 vicino e che i progetti dei fidanzati sono simili a quelli pensati da Dio.<\/p>\n","protected":false},"excerpt":{"rendered":"<p>2006 2007 2008 2009 &nbsp; &nbsp; &nbsp; &nbsp; &nbsp; Il matrimonio religioso comporta la frequenza di uno specifico corso prematrimoniale il quale prepara ad affrontare la vita coniugale. Il suddetto&hellip;<\/p>\n","protected":false},"author":1,"featured_media":0,"parent":27,"menu_order":0,"comment_status":"open","ping_status":"open","template":"page-templates\/full-width.php","meta":{"jetpack_post_was_ever_published":false},"jetpack_sharing_enabled":true,"jetpack_shortlink":"https:\/\/wp.me\/P5aHFt-e5","jetpack-related-posts":[{"id":917,"url":"https:\/\/www.parrocchianissoria.it\/index.php\/corso-matrimoniale-2008\/","url_meta":{"origin":873,"position":0},"title":"Corso Matrimoniale 2008","author":"admin","date":"2 Gennaio 2014","format":false,"excerpt":"[nggallery id=30]","rel":"","context":"Articolo simile","block_context":{"text":"Articolo simile","link":""},"img":{"alt_text":"","src":"","width":0,"height":0},"classes":[]},{"id":918,"url":"https:\/\/www.parrocchianissoria.it\/index.php\/corso-matrimoniale-2007\/","url_meta":{"origin":873,"position":1},"title":"Corso Matrimoniale 2007","author":"admin","date":"2 Gennaio 2014","format":false,"excerpt":"[nggallery id=31]","rel":"","context":"Articolo simile","block_context":{"text":"Articolo simile","link":""},"img":{"alt_text":"","src":"","width":0,"height":0},"classes":[]},{"id":919,"url":"https:\/\/www.parrocchianissoria.it\/index.php\/corso-matrimoniale-2009\/","url_meta":{"origin":873,"position":2},"title":"Corso Matrimoniale 2009","author":"admin","date":"2 Gennaio 2014","format":false,"excerpt":"[nggallery id=29]","rel":"","context":"Articolo simile","block_context":{"text":"Articolo simile","link":""},"img":{"alt_text":"","src":"","width":0,"height":0},"classes":[]},{"id":928,"url":"https:\/\/www.parrocchianissoria.it\/index.php\/corso-matrimoniale-2006\/","url_meta":{"origin":873,"position":3},"title":"Corso Matrimoniale 2006","author":"admin","date":"2 Gennaio 2014","format":false,"excerpt":"[nggallery id=32]","rel":"","context":"Articolo simile","block_context":{"text":"Articolo simile","link":""},"img":{"alt_text":"","src":"","width":0,"height":0},"classes":[]},{"id":929,"url":"https:\/\/www.parrocchianissoria.it\/index.php\/corso-matrimoniale-2007-2\/","url_meta":{"origin":873,"position":4},"title":"Corso Matrimoniale 2007","author":"admin","date":"2 Gennaio 2014","format":false,"excerpt":"[nggallery id=31]","rel":"","context":"Articolo simile","block_context":{"text":"Articolo simile","link":""},"img":{"alt_text":"","src":"","width":0,"height":0},"classes":[]},{"id":2,"url":"https:\/\/www.parrocchianissoria.it\/index.php\/storia\/","url_meta":{"origin":873,"position":5},"title":"Storia","author":"admin","date":"7 Ottobre 2013","format":false,"excerpt":"La prima Chiesa, a servizio della popolazione di Nissoria, sorse in contrada Torre dove, all'epoca della dominazione bizantina, \u00e8 documentata l'esistenza di un agglomerato urbano che ospitava gente di probabile origine greca. La Chiesa consisteva in un semplice oratorio costituito da una cappella a croce commissa con orientamento nord sud.\u2026","rel":"","context":"Articolo simile","block_context":{"text":"Articolo simile","link":""},"img":{"alt_text":"1","src":"https:\/\/i0.wp.com\/www.parrocchianissoria.it\/wp\/wp-content\/uploads\/2013\/12\/1.jpg?resize=350%2C200","width":350,"height":200},"classes":[]}],"jetpack_likes_enabled":true,"_links":{"self":[{"href":"https:\/\/www.parrocchianissoria.it\/index.php\/wp-json\/wp\/v2\/pages\/873"}],"collection":[{"href":"https:\/\/www.parrocchianissoria.it\/index.php\/wp-json\/wp\/v2\/pages"}],"about":[{"href":"https:\/\/www.parrocchianissoria.it\/index.php\/wp-json\/wp\/v2\/types\/page"}],"author":[{"embeddable":true,"href":"https:\/\/www.parrocchianissoria.it\/index.php\/wp-json\/wp\/v2\/users\/1"}],"replies":[{"embeddable":true,"href":"https:\/\/www.parrocchianissoria.it\/index.php\/wp-json\/wp\/v2\/comments?post=873"}],"version-history":[{"count":4,"href":"https:\/\/www.parrocchianissoria.it\/index.php\/wp-json\/wp\/v2\/pages\/873\/revisions"}],"predecessor-version":[{"id":930,"href":"https:\/\/www.parrocchianissoria.it\/index.php\/wp-json\/wp\/v2\/pages\/873\/revisions\/930"}],"up":[{"embeddable":true,"href":"https:\/\/www.parrocchianissoria.it\/index.php\/wp-json\/wp\/v2\/pages\/27"}],"wp:attachment":[{"href":"https:\/\/www.parrocchianissoria.it\/index.php\/wp-json\/wp\/v2\/media?parent=873"}],"curies":[{"name":"wp","href":"https:\/\/api.w.org\/{rel}","templated":true}]}}