{"id":186,"date":"2013-12-30T17:21:02","date_gmt":"2013-12-30T16:21:02","guid":{"rendered":"http:\/\/www.parrocchianissoria.it\/wp\/?page_id=186"},"modified":"2014-01-02T16:16:30","modified_gmt":"2014-01-02T15:16:30","slug":"natale","status":"publish","type":"page","link":"https:\/\/www.parrocchianissoria.it\/index.php\/tradizioni\/natale\/","title":{"rendered":"Natale"},"content":{"rendered":"<p><img data-attachment-id=\"70\" data-permalink=\"https:\/\/www.parrocchianissoria.it\/index.php\/tradizioni\/natale\/sacra2\/\" data-orig-file=\"https:\/\/i0.wp.com\/www.parrocchianissoria.it\/wp\/wp-content\/uploads\/2013\/12\/Sacra2.jpg?fit=1500%2C750&amp;ssl=1\" data-orig-size=\"1500,750\" data-comments-opened=\"1\" data-image-meta=\"{&quot;aperture&quot;:&quot;0&quot;,&quot;credit&quot;:&quot;&quot;,&quot;camera&quot;:&quot;&quot;,&quot;caption&quot;:&quot;&quot;,&quot;created_timestamp&quot;:&quot;0&quot;,&quot;copyright&quot;:&quot;&quot;,&quot;focal_length&quot;:&quot;0&quot;,&quot;iso&quot;:&quot;0&quot;,&quot;shutter_speed&quot;:&quot;0&quot;,&quot;title&quot;:&quot;&quot;}\" data-image-title=\"Sacra2\" data-image-description=\"\" data-image-caption=\"\" data-medium-file=\"https:\/\/i0.wp.com\/www.parrocchianissoria.it\/wp\/wp-content\/uploads\/2013\/12\/Sacra2.jpg?fit=300%2C150&amp;ssl=1\" data-large-file=\"https:\/\/i0.wp.com\/www.parrocchianissoria.it\/wp\/wp-content\/uploads\/2013\/12\/Sacra2.jpg?fit=660%2C330&amp;ssl=1\" decoding=\"async\" loading=\"lazy\" class=\"wp-image-70 alignright\" alt=\"Sacra2\" src=\"https:\/\/i0.wp.com\/www.parrocchianissoria.it\/wp\/wp-content\/uploads\/2013\/12\/Sacra2.jpg?resize=469%2C233\" width=\"469\" height=\"233\" srcset=\"https:\/\/i0.wp.com\/www.parrocchianissoria.it\/wp\/wp-content\/uploads\/2013\/12\/Sacra2.jpg?resize=300%2C150&amp;ssl=1 300w, https:\/\/i0.wp.com\/www.parrocchianissoria.it\/wp\/wp-content\/uploads\/2013\/12\/Sacra2.jpg?zoom=2&amp;resize=469%2C233 938w, https:\/\/i0.wp.com\/www.parrocchianissoria.it\/wp\/wp-content\/uploads\/2013\/12\/Sacra2.jpg?zoom=3&amp;resize=469%2C233 1407w\" sizes=\"(max-width: 469px) 100vw, 469px\" data-recalc-dims=\"1\" \/><\/p>\n<p style=\"text-align: left;\"><a title=\"Natale 2005\" href=\"http:\/\/www.parrocchianissoria.it\/wp\/?page_id=286\">Natale 2005<\/a><\/p>\n<p style=\"text-align: left;\"><a title=\"Natale 2006\" href=\"http:\/\/www.parrocchianissoria.it\/wp\/?page_id=290\">Natale 2006<\/a><\/p>\n<p style=\"text-align: left;\"><a title=\"Natale 2007\" href=\"http:\/\/www.parrocchianissoria.it\/wp\/?page_id=291\">Natale 2007<\/a><\/p>\n<p style=\"text-align: left;\"><a title=\"Natale 2008\" href=\"http:\/\/www.parrocchianissoria.it\/wp\/?page_id=292\">Natale 2008<\/a><\/p>\n<p style=\"text-align: left;\"><a title=\"Natale 2011\" href=\"http:\/\/www.parrocchianissoria.it\/wp\/?page_id=293\">Natale 2011<\/a><\/p>\n<p>Nella tradizione cristiana, il Natale celebra la nascita di Ges\u00f9 a Betlemme da Maria. Il racconto ci \u00e8 pervenuto attraverso i vangeli secondo Luca e Matteo, che narrano l&#8217;annuncio dell&#8217;angelo Gabriele, la deposizione nella mangiatoia, l&#8217;adorazione dei pastori, la visita dei magi. Alcuni aspetti devozionali (la grotta, il bue e l&#8217;asino, i nomi dei magi) risalgono invece a tradizioni successive e a vangeli apocrifi.<\/p>\n<p>Il significato cristiano della festa risiede nella celebrazione della presenza di Dio. Con la nascita di Ges\u00f9, Dio per i cristiani non \u00e8 pi\u00f9 infatti un Dio distante, che si pu\u00f2 solo intuire da lontano, ma \u00e8 un Dio che si rivela ed entra nel mondo per rimanervi fino alla fine dei tempi. Per quanto riguarda la liturgia, nella Chiesa latina il giorno di Natale \u00e8 caratterizzato da quattro messe: la vespertina della vigilia, ad noctem (cio\u00e8 la messa della notte), in aurora, in die (nel giorno). Come tutte le solennit\u00e0, il Natale ha una durata maggiore rispetto agli altri giorni del calendario liturgico e inizia infatti con i vespri della vigilia.<\/p>\n<p>Il tempo liturgico del Natale si conta a partire dai primi vespri del 24 dicembre, per terminare con la domenica del Battesimo di Ges\u00f9, mentre il periodo precedente al Natale comprende le quattro (sei nel rito ambrosiano) domeniche di Avvento.<\/p>\n","protected":false},"excerpt":{"rendered":"<p>Natale 2005 Natale 2006 Natale 2007 Natale 2008 Natale 2011 Nella tradizione cristiana, il Natale celebra la nascita di Ges\u00f9 a Betlemme da Maria. Il racconto ci \u00e8 pervenuto attraverso&hellip;<\/p>\n","protected":false},"author":1,"featured_media":0,"parent":17,"menu_order":0,"comment_status":"open","ping_status":"open","template":"page-templates\/full-width.php","meta":{"jetpack_post_was_ever_published":false},"jetpack_sharing_enabled":true,"jetpack_shortlink":"https:\/\/wp.me\/P5aHFt-30","jetpack-related-posts":[{"id":286,"url":"https:\/\/www.parrocchianissoria.it\/index.php\/tradizioni\/natale\/natale-2005\/","url_meta":{"origin":186,"position":0},"title":"Natale 2005","author":"admin","date":"31 Dicembre 2013","format":false,"excerpt":"[nggallery id=6]","rel":"","context":"Con 1 commento","block_context":{"text":"Con 1 commento","link":"https:\/\/www.parrocchianissoria.it\/index.php\/tradizioni\/natale\/natale-2005\/#comments"},"img":{"alt_text":"","src":"","width":0,"height":0},"classes":[]},{"id":290,"url":"https:\/\/www.parrocchianissoria.it\/index.php\/natale-2006\/","url_meta":{"origin":186,"position":1},"title":"Natale 2006","author":"admin","date":"31 Dicembre 2013","format":false,"excerpt":"[nggallery id=5]","rel":"","context":"Articolo simile","block_context":{"text":"Articolo simile","link":""},"img":{"alt_text":"","src":"","width":0,"height":0},"classes":[]},{"id":291,"url":"https:\/\/www.parrocchianissoria.it\/index.php\/natale-2007\/","url_meta":{"origin":186,"position":2},"title":"Natale 2007","author":"admin","date":"31 Dicembre 2013","format":false,"excerpt":"[nggallery id=4]","rel":"","context":"Articolo simile","block_context":{"text":"Articolo simile","link":""},"img":{"alt_text":"","src":"","width":0,"height":0},"classes":[]},{"id":292,"url":"https:\/\/www.parrocchianissoria.it\/index.php\/natale-2008\/","url_meta":{"origin":186,"position":3},"title":"Natale 2008","author":"admin","date":"31 Dicembre 2013","format":false,"excerpt":"[nggallery id=3]","rel":"","context":"Articolo simile","block_context":{"text":"Articolo simile","link":""},"img":{"alt_text":"","src":"","width":0,"height":0},"classes":[]},{"id":293,"url":"https:\/\/www.parrocchianissoria.it\/index.php\/natale-2011\/","url_meta":{"origin":186,"position":4},"title":"Natale 2011","author":"admin","date":"31 Dicembre 2013","format":false,"excerpt":"[nggallery id=2]","rel":"","context":"Articolo simile","block_context":{"text":"Articolo simile","link":""},"img":{"alt_text":"","src":"","width":0,"height":0},"classes":[]},{"id":17,"url":"https:\/\/www.parrocchianissoria.it\/index.php\/tradizioni\/","url_meta":{"origin":186,"position":5},"title":"Tradizioni","author":"admin","date":"23 Dicembre 2013","format":false,"excerpt":"Natale Settimana Santa San Giuseppe Corpus Domini San Francesco Madonna del Rosario","rel":"","context":"Articolo simile","block_context":{"text":"Articolo simile","link":""},"img":{"alt_text":"","src":"https:\/\/i0.wp.com\/www.parrocchianissoria.it\/wp\/wp-content\/uploads\/2013\/10\/sacra-228x300.jpg?resize=350%2C200","width":350,"height":200},"classes":[]}],"jetpack_likes_enabled":true,"_links":{"self":[{"href":"https:\/\/www.parrocchianissoria.it\/index.php\/wp-json\/wp\/v2\/pages\/186"}],"collection":[{"href":"https:\/\/www.parrocchianissoria.it\/index.php\/wp-json\/wp\/v2\/pages"}],"about":[{"href":"https:\/\/www.parrocchianissoria.it\/index.php\/wp-json\/wp\/v2\/types\/page"}],"author":[{"embeddable":true,"href":"https:\/\/www.parrocchianissoria.it\/index.php\/wp-json\/wp\/v2\/users\/1"}],"replies":[{"embeddable":true,"href":"https:\/\/www.parrocchianissoria.it\/index.php\/wp-json\/wp\/v2\/comments?post=186"}],"version-history":[{"count":14,"href":"https:\/\/www.parrocchianissoria.it\/index.php\/wp-json\/wp\/v2\/pages\/186\/revisions"}],"predecessor-version":[{"id":877,"href":"https:\/\/www.parrocchianissoria.it\/index.php\/wp-json\/wp\/v2\/pages\/186\/revisions\/877"}],"up":[{"embeddable":true,"href":"https:\/\/www.parrocchianissoria.it\/index.php\/wp-json\/wp\/v2\/pages\/17"}],"wp:attachment":[{"href":"https:\/\/www.parrocchianissoria.it\/index.php\/wp-json\/wp\/v2\/media?parent=186"}],"curies":[{"name":"wp","href":"https:\/\/api.w.org\/{rel}","templated":true}]}}

<p><img data-attachment-id="70" data-permalink="https://www.parrocchianissoria.it/index.php/tradizioni/natale/sacra2/" data-orig-file="https://i0.wp.com/www.parrocchianissoria.it/wp/wp-content/uploads/2013/12/Sacra2.jpg?fit=1500%2C750&amp;ssl=1" data-orig-size="1500,750" data-comments-opened="1" data-image-meta="{&quot;aperture&quot;:&quot;0&quot;,&quot;credit&quot;:&quot;&quot;,&quot;camera&quot;:&quot;&quot;,&quot;caption&quot;:&quot;&quot;,&quot;created_timestamp&quot;:&quot;0&quot;,&quot;copyright&quot;:&quot;&quot;,&quot;focal_length&quot;:&quot;0&quot;,&quot;iso&quot;:&quot;0&quot;,&quot;shutter_speed&quot;:&quot;0&quot;,&quot;title&quot;:&quot;&quot;}" data-image-title="Sacra2" data-image-description="" data-image-caption="" data-medium-file="https://i0.wp.com/www.parrocchianissoria.it/wp/wp-content/uploads/2013/12/Sacra2.jpg?fit=300%2C150&amp;ssl=1" data-large-file="https://i0.wp.com/www.parrocchianissoria.it/wp/wp-content/uploads/2013/12/Sacra2.jpg?fit=660%2C330&amp;ssl=1" decoding="async" loading="lazy" class="wp-image-70 alignright" alt="Sacra2" src="https://i0.wp.com/www.parrocchianissoria.it/wp/wp-content/uploads/2013/12/Sacra2.jpg?resize=469%2C233" width="469" height="233" srcset="https://i0.wp.com/www.parrocchianissoria.it/wp/wp-content/uploads/2013/12/Sacra2.jpg?resize=300%2C150&amp;ssl=1 300w, https://i0.wp.com/www.parrocchianissoria.it/wp/wp-content/uploads/2013/12/Sacra2.jpg?zoom=2&amp;resize=469%2C233 938w, https://i0.wp.com/www.parrocchianissoria.it/wp/wp-content/uploads/2013/12/Sacra2.jpg?zoom=3&amp;resize=469%2C233 1407w" sizes="(max-width: 469px) 100vw, 469px" data-recalc-dims="1" /></p>
<p style="text-align: left;"><a title="Natale 2005" href="http://www.parrocchianissoria.it/wp/?page_id=286">Natale 2005</a></p>
<p style="text-align: left;"><a title="Natale 2006" href="http://www.parrocchianissoria.it/wp/?page_id=290">Natale 2006</a></p>
<p style="text-align: left;"><a title="Natale 2007" href="http://www.parrocchianissoria.it/wp/?page_id=291">Natale 2007</a></p>
<p style="text-align: left;"><a title="Natale 2008" href="http://www.parrocchianissoria.it/wp/?page_id=292">Natale 2008</a></p>
<p style="text-align: left;"><a title="Natale 2011" href="http://www.parrocchianissoria.it/wp/?page_id=293">Natale 2011</a></p>
<p>Nella tradizione cristiana, il Natale celebra la nascita di Gesù a Betlemme da Maria. Il racconto ci è pervenuto attraverso i vangeli secondo Luca e Matteo, che narrano l&#8217;annuncio dell&#8217;angelo Gabriele, la deposizione nella mangiatoia, l&#8217;adorazione dei pastori, la visita dei magi. Alcuni aspetti devozionali (la grotta, il bue e l&#8217;asino, i nomi dei magi) risalgono invece a tradizioni successive e a vangeli apocrifi.</p>
<p>Il significato cristiano della festa risiede nella celebrazione della presenza di Dio. Con la nascita di Gesù, Dio per i cristiani non è più infatti un Dio distante, che si può solo intuire da lontano, ma è un Dio che si rivela ed entra nel mondo per rimanervi fino alla fine dei tempi. Per quanto riguarda la liturgia, nella Chiesa latina il giorno di Natale è caratterizzato da quattro messe: la vespertina della vigilia, ad noctem (cioè la messa della notte), in aurora, in die (nel giorno). Come tutte le solennità, il Natale ha una durata maggiore rispetto agli altri giorni del calendario liturgico e inizia infatti con i vespri della vigilia.</p>
<p>Il tempo liturgico del Natale si conta a partire dai primi vespri del 24 dicembre, per terminare con la domenica del Battesimo di Gesù, mentre il periodo precedente al Natale comprende le quattro (sei nel rito ambrosiano) domeniche di Avvento.</p>

<p>Natale 2005 Natale 2006 Natale 2007 Natale 2008 Natale 2011 Nella tradizione cristiana, il Natale celebra la nascita di Gesù a Betlemme da Maria. Il racconto ci è pervenuto attraverso&hellip;</p>
